e?
False
Is 566801519 composite?
False
Is 7175229131 composite?
True
Is 61116528859 prime?
True
Is 848440311 prime?
False
Is 11822956213 prime?
False
Is 113881430461 a composite number?
True
Is 2343181969 a prime number?
True
Is 5199591171 composite?
True
Is 59014994611 a prime number?
True
Is 10882755287 a prime number?
False
Is 10049296154 a composite number?
True
Is 7731574633 a composite number?
False
Is 252104165 prime?
False
Is 2770875421 a prime number?
False
Is 201907703 composite?
True
Is 3597353519 prime?
True
Is 54836264191 a composite number?
False
Is 977113957 prime?
True
Is 62022951031 a prime number?
False
Is 288230543 prime?
True
Is 126264114663 composite?
True
Is 2699073887 a composite number?
False
Is 459032557 a prime number?
True
Is 290259421 a prime number?
True
Is 467170261 composite?
True
Is 6947738947 a composite number?
False
Is 90397537 prime?
False
Is 416918105 a prime number?
False
Is 182750023 a prime number?
True
Is 1638157 composite?
True
Is 2092798061 a prime number?
True
Is 2866601602 a composite number?
True
Is 6374208373 prime?
False
Is 8323694437 composite?
True
Is 19287837157 prime?
False
Is 550608151 a prime number?
True
Is 25140655987 a composite number?
True
Is 58167757273 a prime number?
True
Is 9423656419 a prime number?
True
Is 34171442713 a composite number?
True
Is 112763617 a composite number?
True
Is 644075977 a composite number?
True
Is 1218656555 a composite number?
True
Is 988425149 a prime number?
True
Is 140224243 a prime number?
False
Is 1927727987 composite?
False
Is 2646570577 a composite number?
True
Is 2229148277 a composite number?
False
Is 9698461895 prime?
False
Is 426492659 composite?
True
Is 2408314829 prime?
True
Is 200175667 prime?
True
Is 3763788757 a composite number?
False
Is 11185292711 composite?
False
Is 11331092323 a prime number?
True
Is 61853848382 a composite number?
True
Is 21068457679 a composite number?
True
Is 590620937 a composite number?
True
Is 3391349867 composite?
True
Is 190591034 a composite number?
True
Is 10524394963 a composite number?
True
Is 2253870121 a prime number?
True
Is 11853824033 a composite number?
False
Is 8891702231 a prime number?
True
Is 296515543 a prime number?
True
Is 25697683117 a prime number?
False
Is 164156513 prime?
True
Is 1137353297 a composite number?
True
Is 2218797227 composite?
False
Is 6616504787 prime?
False
Is 13824747613 a composite number?
False
Is 34181588209 a prime number?
True
Is 38883079291 a composite number?
True
Is 29929648643 prime?
False
Is 8320013431 a composite number?
True
Is 8226105361 a composite number?
False
Is 18112821667 a prime number?
False
Is 105768403261 a composite number?
False
Is 136679945 a composite number?
True
Is 6792161347 composite?
True
Is 17796725761 a composite number?
True
Is 3470178559 a prime number?
True
Is 80519077 prime?
False
Is 3656467897 a prime number?
False
Is 5735421137 a composite number?
True
Is 88108577 prime?
False
Is 393875701 a prime number?
False
Is 12689510591 a prime number?
True
Is 1454177183 prime?
True
Is 987425189 composite?
False
Is 252424389067 prime?
True
Is 1810894433 a composite number?
False
Is 6257424479 a composite number?
True
Is 644998901 a composite number?
False
Is 8707439789 a prime number?
False
Is 43861733 a prime number?
True
Is 848580693 a composite number?
True
Is 52324510019 a prime number?
True
Is 473664467 a composite number?
True
Is 935437187 a composite number?
False
Is 152140972799 prime?
False
Is 1640441063 a composite number?
False
Is 133742633 a composite number?
False
Is 1835930729 prime?
False
Is 5156156773 composite?
False
Is 2206065887 prime?
True
Is 3273743857 a composite number?
False
Is 9071479211 a composite number?
False
Is 1753723171 composite?
False
Is 2559926923 a prime number?
True
Is 521033011 prime?
True
Is 257526163 a prime number?
True
Is 10854541 a composite number?
False
Is 11126844569 composite?
True
Is 652656461 composite?
False
Is 3770891797 composite?
False
Is 67111629239 prime?
True
Is 8793556491 a composite number?
True
Is 767569799 a composite number?
False
Is 4895833217 a prime number?
False
Is 240685256711 prime?
True
Is 80018092391 prime?
True
Is 476625221 composite?
False
Is 6672174203 a composite number?
True
Is 34200867067 a prime number?
False
Is 6568862351 prime?
True
Is 411012809651 prime?
True
Is 509826023 prime?
False
Is 18754520899 composite?
True
Is 180184811579 composite?
False
Is 14916879667 composite?
False
Is 6237060757 a prime number?
False
Is 3964007269 a prime number?
False
Is 1607225021 a composite number?
False
Is 4458059069 a composite number?
False
Is 343093909589 a prime number?
True
Is 818841623 a prime number?
False
Is 5511740051 composite?
True
Is 13575181249 prime?
False
Is 582470503 prime?
True
Is 1038183853 prime?
False
Is 3268783961 a prime number?
False
Is 9679348969 a composite number?
False
Is 899521667 a composite number?
True
Is 96883231 prime?
False
Is 6765964099 prime?
False
Is 4554508919 prime?
True
Is 1148842313 composite?
True
Is 42428787943 composite?
True
Is 1555854749 composite?
True
Is 118709487209 a composite number?
False
Is 321372263 composite?
False
Is 839410201 a prime number?
False
Is 65141057 a composite number?
False
Is 75908325439 a prime number?
True
Is 29627405547 a prime number?
False
Is 2404713433 prime?
False
Is 24741818809 a composite number?
True
Is 18255803767 prime?
False
Is 1649125781 prime?
True
Is 1855972187 composite?
False
Is 1278269173 a composite number?
True
Is 388766197 a composite number?
True
Is 2255672813 prime?
False
Is 16540919677 a composite number?
True
Is 15934644083 prime?
True
Is 7573398559 a composite number?
True
Is 9476161801 a composite number?
True
Is 766264571 a composite number?
False
Is 2039932577 composite?
False
Is 2564476807 a composite number?
True
Is 4086029977 prime?
False
Is 18367872269 a prime number?
False
Is 518683637 a composite number?
True
Is 19603631531 a composite number?
True
Is 2871134551 composite?
True
Is 568768339 a composite number?
False
Is 23137312637 composite?
False
Is 2905189939 prime?
False
Is 9621879043 prime?
False
Is 17992869787 a composite number?
False
Is 131013353767 a composite number?
False
Is 5498925253 composite?
True
Is 5427665623 a composite number?
True
Is 192621997 a prime number?
True
Is 81951168779 prime?
False
Is 693153689 a prime number?
True
Is 187921271 a composite number?
True
Is 9146380063 prime?
True
Is 200655438007 prime?
False
Is 367742281 prime?
False
Is 403231987 a composite number?
False
Is 9543154639 a composite number?
True
Is 43116637037 a composite number?
False
Is 49306440857 a composite number?
False
Is 13516217941 prime?
False
Is 138285162101 a prime number?
False
Is 16931349991 prime?
True
Is 146345749951 a prime number?
True
Is 5752579405 composite?
True
Is 804708973 prime?
False
Is 135942764297 a composite number?
True
Is 777327767 composite?
True
Is 1467760207 a composite number?
True
Is 5046932486 a composite number?
True
Is 2293366193 a prime number?
True
Is 782354717 a prime number?
True
Is 49432478599 prime?
False
Is 98370494669 a prime number?
True
Is 361976311 a composite number?
True
Is 322234409 composite?
True
Is 3995883659 prime?
True
Is 37639407217 prime?
False
Is 487032691 a prime number?
True
Is 169308647 composite?
True
Is 1282929941 a prime number?
False
Is 1635723421 prime?
True
Is 11838411661 prime?
True
Is 796915907 prime?
True
Is 3933992531 a prime number?
False
Is 23593659163 a prime number?
True
Is 12061717303 prime?
False
Is 399757053 a prime number?
False
Is 100927422667 a prime number?
True
Is 3403102193 a prime number?
False
Is 3425808713 prime?
True
Is 372467792027 composite?
False
Is 802426091 prime?
True
Is 308191187 a prime number?
True
Is 1324649699 composite?
True
Is 1921417679 prime?
False
Is 34902520329 prime?
False
Is 1351703141 a composite number?
False
Is 122286838519 prime?
False
Is 1032465737 composite?
False
Is 354289081 a composite number?
False
Is 91668439321 prime?
True
Is 262358521 a composite number?
False
Is 1307285765 a prime number?
False
Is 17104897559 a prime number?
False
Is 218885783 prime?
True
Is 2053442071 a prime number?
True
Is 2774727551 prime?
False
Is 455639747 prime?
True
Is 143795635183 a compo